 5, what is 0 - -123141?
123141
In base 2, what is 11001110111 - 100?
11001110011
In base 5, what is -311 - 10?
-321
In base 16, what is -7 - -14b6?
14af
In base 5, what is 120 + 13114?
13234
In base 2, what is 101 - 1010110000?
-1010101011
In base 16, what is 2 - 47?
-45
In base 11, what is -24 + -47?
-70
In base 6, what is -3 + 305?
302
In base 7, what is 1 - -1220?
1221
In base 2, what is -100 - 100010011?
-100010111
In base 16, what is -2c4 - 1f?
-2e3
In base 12, what is 146 - -5?
14b
In base 2, what is -10 + -111?
-1001
In base 6, what is -10415 - -4?
-10411
In base 3, what is 2110 - 2?
2101
In base 3, what is 1221 - 112?
1102
In base 11, what is 22 - 8a?
-68
In base 10, what is -635 - -1?
-634
In base 5, what is 1 - 104421?
-104420
In base 2, what is -1011000000 - -101011?
-1010010101
In base 9, what is 1 + -443?
-442
In base 7, what is 32 + -5?
24
In base 14, what is c0 - -4?
c4
In base 13, what is 309 + 4?
310
In base 5, what is -4 + -14?
-23
In base 11, what is -328 + 3?
-325
In base 16, what is -1a - 4?
-1e
In base 4, what is 12 + 1013?
1031
In base 16, what is -5 - -14e?
149
In base 2, what is -101001111101 + 101?
-101001111000
In base 14, what is 1 - -199d?
19a0
In base 16, what is -c0e + 0?
-c0e
In base 2, what is 111001010110 - 100?
111001010010
In base 16, what is 4 - 14?
-10
In base 6, what is -1223 + -15?
-1242
In base 12, what is 3 + 23aa?
23b1
In base 10, what is -416 - -4?
-412
In base 11, what is -1085 + 4?
-1081
In base 3, what is 1202 - 202112?
-200210
In base 4, what is 13 - -1033?
1112
In base 2, what is 10 + -1011101111000?
-1011101110110
In base 5, what is -101321 - 4?
-101330
In base 14, what is 5 - -17?
1c
In base 11, what is -4 + 10?
7
In base 6, what is 20354 - 4?
20350
In base 9, what is 2667 - 4?
2663
In base 6, what is -525 + 5?
-520
In base 14, what is -163 - 0?
-163
In base 16, what is -1 - -473?
472
In base 4, what is 31202 + 11?
31213
In base 7, what is -1552 + -3?
-1555
In base 12, what is -4 - -7?
3
In base 16, what is -2d0 - 2?
-2d2
In base 9, what is 51 + -10?
41
In base 2, what is 1001101101 - -101?
1001110010
In base 10, what is -4 + 598?
594
In base 7, what is -3 + 260?
254
In base 5, what is -3434 - 1?
-3440
In base 6, what is 2 - -1032?
1034
In base 13, what is -2b - -56?
28
In base 11, what is -5 + 985?
980
In base 11, what is -a65 - -3?
-a62
In base 4, what is 32 - 2320?
-2222
In base 11, what is 5 - -14?
19
In base 15, what is -15 - 3?
-18
In base 10, what is 1 - 13?
-12
In base 14, what is 8 + -2c?
-24
In base 5, what is 0 + 134?
134
In base 11, what is -a - -37?
28
In base 3, what is 212001 + 20?
212021
In base 14, what is -84 - -5?
-7d
In base 13, what is -1 - 25?
-26
In base 3, what is 12 - -1001212?
1002001
In base 5, what is -243330 - 2?
-243332
In base 7, what is -122 - -62?
-30
In base 9, what is 10375 - -4?
10380
In base 5, what is 14 - 1?
13
In base 5, what is -30340 - 2?
-30342
In base 10, what is -7 - 1000?
-1007
In base 5, what is 10 + -4?
1
In base 12, what is -13 - 67?
-7a
In base 16, what is -3 + 38?
35
In base 16, what is -19 - -3f?
26
In base 15, what is 2 + 3a?
3c
In base 5, what is 1214 + -1?
1213
In base 9, what is 4 - 127?
-123
In base 7, what is 163 + -5?
155
In base 5, what is -14 - 4211?
-4230
In base 16, what is -1 + dd?
dc
In base 4, what is -2 + -13?
-21
In base 10, what is 48 + -31?
17
In base 2, what is 1000111 - -10010100?
11011011
In base 6, what is -3345 + -4?
-3353
In base 9, what is -2 + 287?
285
In base 6, what is -3 - -220?
213
In base 10, what is -19 - 128?
-147
In base 10, what is 4 + -609?
-605
In base 14, what is a08 + -5?
a03
In base 7, what is -5 - -46?
41
In base 3, what is 10 - -1110?
1120
In base 5, what is 2 - 200?
-143
In base 11, what is -27 - -a?
-18
In base 2, what is 101 - -1001011000?
1001011101
In base 2, what is -10111 - -100?
-10011
In base 4, what is 3003 + 10?
3013
In base 2, what is -11000 - 101?
-11101
In base 11, what is 16 + 273?
289
In base 5, what is 1 + -40?
-34
In base 16, what is -32 - -23?
-f
In base 7, what is 2 - -500?
502
In base 10, what is -1680 - 5?
-1685
In base 11, what is 2 - -295?
297
In base 16, what is -1b - 8a?
-a5
In base 13, what is -a - 568?
-575
In base 3, what is -210021102 - 11?
-210021120
In base 11, what is -36 - -1?
-35
In base 14, what is 105 + 1?
106
In base 8, what is -15150 + 1?
-15147
In base 3, what is 10012 - -1011?
11100
In base 10, what is -22 + 4?
-18
In base 16, what is -3 + -c7?
-ca
In base 8, what is 4135 - 6?
4127
In base 16, what is a0d - -2?
a0f
In base 15, what is -4c1 - d?
-4ce
In base 2, what is 11 + 1011110111?
1011111010
In base 4, what is 3 - 322102?
-322033
In base 14, what is -34 + 2b?
-7
In base 5, what is 3 + 14434?
14442
In base 8, what is -2 - -1070?
1066
In base 3, what is -22 + 22?
0
In base 8, what is 753 + 0?
753
In base 13, what is cb - -2?
100
In base 12, what is 1 - 1ba?
-1b9
In base 12, what is -77 - 5?
-80
In base 13, what is -2b5 - -8?
-2aa
In base 15, what is -18a5 - -1?
-18a4
In base 15, what is -1 - 7a?
-7b
In base 7, what is 365 - -50?
445
In base 10, what is -54 + 1?
-53
In base 5, what is -43424 - 1?
-43430
In base 10, what is -24 + 104?
80
In base 7, what is -22 - 3?
-25
In base 9, what is 10878 - -5?
10884
In base 7, what is -5 - 132?
-140
In base 3, what is -22 - -2220?
2121
In base 6, what is -224 - -4?
-220
In base 15, what is 165 - 1?
164
In base 3, what is -1 - 122?
-200
In base 16, what is -2 + 131d?
131b
In base 14, what is -3 + -68b?
-690
In base 14, what is 1dc - 5?
1d7
In base 8, what is 5 - 4466?
-4461
In base 9, what is -3 + -13?
-16
In base 10, what is -38 + 11?
-27
In base 6, what is 4 - 254?
-250
In base 16, what is -4 - 0?
-4
In base 9, what is -188 + 2?
-186
In base 13, what is 2 - 91?
-8c
In base 10, what is 5 + 159?
164
In base 9, what is 2000 - 3?
1886
In base 2, what is -110 - -1101?
111
In base 16, what is 5 - -37?
3c
In base 11, what is 17 - 5?
12
In base 7, what is -4 + 205?
201
In base 12, what is 1a78 + -6?
1a72
In base 14, what is 164 + 70?
1d4
In base 7, what is 1301 + -2?
1266
In base 2, what is -10110110 + 100?
-10110010
In base 3, what is -1220 - 10?
-2000
In base 7, what is -103 + 2126?
2023
In base 15, what is 5 + -31?
-2b
In base 10, what is -4671 + -2?
-4673
In base 15, what is 6dc6 + 1?
6dc7
In base 12, what is a3a4 - 1?
a3a3
In base 16, what is -18c + 0?
-18c
In base 6, what is -4 - -1355?
1351
In base 7, what is -10562 + 0?
-10562
In base 13, what is -7 + -17a?
-184
In base 10, what is 1 - -59?
60
In base 9, what is 11 - 47?
-36
In base 11, what is -1 - 234?
-235
In base 16, what is 2d + 5?
32
In base 4, what is 10 + 1313?
1323
In base 16, what is -4 - -150d?
1509
In base 3, what is 122 - 11211?
-11012
In base 8, what is -3257 - -5?
-3252
In base 3, what is -122211011 + 11?
-122211000
In base 16, what is -3 + -19d?
-1a0
In base 14, what is 136 - -5?
13b
In base 4, what is 10330 + -11?
10313
In base 4, what is 10231 - -12?
10303
In base 3, what is -12 - 10210?
-10222
In base 4, what is -1 + 212?
211
In base 8, what is 30 - 237?
-207
In base 15, what is -3 - 62?
-65
In base 7, what is -1 + 213?
212
In base 6, what is 25 + -503?
-434
In base 13, what is -3 - -c8c?
c89
In base 4, what is -13131 + 10?
-13121
In base 6, what is -1 - -1410?
1405
In base 15, what is ec5 + -4?
ec1
In base 4, what is -3301 + 0?
-3301
In base 16, what is 52 + -2?
50
In base 10, what is -4 + 88?
84
In base 10, what is -1 - -124?
123
In base 11, what is -8 + -59?
-66
In base 8, what is -1121 - -15?
-1104
In base 8, what is 4 - 53?
-47
In base 12, what is -28 + 0?
-28
In base 8, what is 3763 + 5?
3770
In base 2, what is 11100110101110 + 1?
11100110101111
In base 10, what is 211 + -5?
206
In base 14, what is c - 1d?
-11
In base 11, what is -3a00 + -2?
-3a02
In base 13, what is -4 + -58?
-5c
In base 2, what is -100100000100 - 111?
-100100001011
In base 12, what is -4 - 298?
-2a0
In base 5, what is 4 + -3?
1
In base 10, what is 12 + -6?
6
In base 11, what is 196 + -3?
193
In base 3, what is -111 + -1100?
-1211
In base 6, what is 131124 + 1?
131125
In base 13, what is -77 - -2?
-75
In base 10, what is 1508 + 1?
1509
In base 5, what is -1 - 3213?
-3214
In base 2, what is 10110101 + 10?
10110111
In base 15, what is -1a - 0?
-1a
In base 3, what is 21 + -22